{"id":10706,"date":"2020-12-02T22:12:18","date_gmt":"2020-12-02T21:12:18","guid":{"rendered":"https:\/\/irh.inf.unideb.hu\/~szilagyi\/?page_id=10706"},"modified":"2023-09-05T18:00:45","modified_gmt":"2023-09-05T17:00:45","slug":"halozati-eszkozok-programozasa","status":"publish","type":"page","link":"https:\/\/irh.inf.unideb.hu\/~szilagyi\/index.php\/halozati-eszkozok-programozasa\/","title":{"rendered":"H\u00e1l\u00f3zati eszk\u00f6z\u00f6k programoz\u00e1sa 1-2 \/ Bevezet\u00e9s a Cisco eszk\u00f6z\u00f6k programoz\u00e1s\u00e1ba 1-2"},"content":{"rendered":"\n<strong>\u00c1ltal\u00e1nos t\u00e1j\u00e9koztat\u00f3 <\/strong> \n<br><br>\n\n<p align=\"justify\">A t\u00e1rgy bevezet\u00e9st ad a Cisco h\u00e1l\u00f3zati eszk\u00f6z\u00f6k programoz\u00e1s\u00e1ba. A hallgat\u00f3k a Sz\u00e1m\u00edt\u00f3g\u00e9p architekt\u00far\u00e1k, ill. Sz\u00e1m\u00edt\u00f3g\u00e9pes h\u00e1l\u00f3zatok c. tant\u00e1rgy elv\u00e9gz\u00e9se ut\u00e1n konkr\u00e9t h\u00e1l\u00f3zati eszk\u00f6z\u00f6kre (router-ekre, illetve switch-ekre) vonatkoz\u00f3 elm\u00e9leti \u00e9s gyakorlati tud\u00e1st szerezhetnek.<\/p>\n\n<p align=\"justify\">A t\u00e1rgy a CCNA 7.02 Cisco Akad\u00e9miai tananyagot dolgozza fel, hetenk\u00e9nt k\u00e9t-h\u00e1rom fejezetes l\u00e9pt\u00e9kben haladva.<\/p>\n\n<p align=\"justify\">A kurzus sikeres teljes\u00edt\u00e9se eset\u00e9n a hallgat\u00f3k k\u00e9pesek lesznek Cisco forgalomir\u00e1ny\u00edt\u00f3k \u00e9s kapcsol\u00f3k konfigur\u00e1ci\u00f3j\u00e1ra a nemzetk\u00f6zileg elfogadott CCNA min\u0151s\u00e9gi szintj\u00e9n.<\/p>\n\n<ul>\n<li><a href=\"https:\/\/www.ik.unideb.hu\/syllabi\/\">Syllabus <\/a><\/li>\n<li><a href=\"https:\/\/elearning.unideb.hu\/\/\">Egyetemi elearning platform<\/a><\/li>\n<\/ul>\n\n<strong>Honlapok <\/strong>\n<br><br>\n\n<ul>\n<li><a href=\"http:\/\/www.cisco.com\/\">Cisco<\/a><\/li>\n<li><a href=\"https:\/\/www.netacad.com\/\">Cisco NetSpace<\/a><\/li>\n<\/ul>\n\n<strong>Szoftverek <\/strong>\n<br><br>\n\n<ul>\n<li><a href=\"https:\/\/www.netacad.com\/\">Cisco Packet Tracer<\/a><\/li>\n<li><a href=\"https:\/\/www.gns3.com\/\">GNS3<\/a><\/li>\n<li><a href=\"http:\/\/java.com\">Java<\/a><\/li>\n<li><a href=\"http:\/\/www.putty.org\/\">PuTTY<\/a><\/li>\n<li><a href=\"https:\/\/www.manageengine.com\/products\/mibbrowser-free-tool\/download.html\">SNMP MIB browser<\/a><\/li>\n<li><a href=\"http:\/\/ttssh2.sourceforge.jp\/\">Tera Term<\/a><\/li>\n<li><a href=\"http:\/\/tftpd32.jounin.net\/\">Tftpd64<\/a><\/li>\n<li><a href=\"https:\/\/www.virtualbox.org\">VirtualBox<\/a><\/li>\n<li><a href=\"https:\/\/ubuntu.com\/#download\">Linux Ubuntu virtu\u00e1lis g\u00e9p<\/a><\/li>\n<li><a href=\"https:\/\/reactos.org\/\">ReacOS virtu\u00e1lis g\u00e9p<\/a><\/li>\n<li><a href=\"http:\/\/www.wireshark.org\/\">Wireshark<\/a><\/li>\n<\/ul>\n","protected":false},"excerpt":{"rendered":"<p>\u00c1ltal\u00e1nos t\u00e1j\u00e9koztat\u00f3 A t\u00e1rgy bevezet\u00e9st ad a Cisco h\u00e1l\u00f3zati eszk\u00f6z\u00f6k programoz\u00e1s\u00e1ba. A hallgat\u00f3k a Sz\u00e1m\u00edt\u00f3g\u00e9p architekt\u00far\u00e1k, ill. Sz\u00e1m\u00edt\u00f3g\u00e9pes h\u00e1l\u00f3zatok c. tant\u00e1rgy elv\u00e9gz\u00e9se ut\u00e1n konkr\u00e9t h\u00e1l\u00f3zati eszk\u00f6z\u00f6kre (router-ekre, illetve switch-ekre) vonatkoz\u00f3 elm\u00e9leti \u00e9s gyakorlati tud\u00e1st szerezhetnek. A t\u00e1rgy a CCNA 7.02 Cisco Akad\u00e9miai tananyagot dolgozza fel, hetenk\u00e9nt k\u00e9t-h\u00e1rom fejezetes l\u00e9pt\u00e9kben haladva. A kurzus sikeres teljes\u00edt\u00e9se eset\u00e9n <a href=\"https:\/\/irh.inf.unideb.hu\/~szilagyi\/index.php\/halozati-eszkozok-programozasa\/\" rel=\"nofollow\"><span class=\"sr-only\">Read more about H\u00e1l\u00f3zati eszk\u00f6z\u00f6k programoz\u00e1sa 1-2 \/ Bevezet\u00e9s a Cisco eszk\u00f6z\u00f6k programoz\u00e1s\u00e1ba 1-2<\/span>[&hellip;]<\/a><\/p>\n","protected":false},"author":1,"featured_media":0,"parent":0,"menu_order":0,"comment_status":"closed","ping_status":"closed","template":"template-fullwidth.php","meta":{"_ti_tpc_template_sync":false,"_ti_tpc_template_id":""},"uagb_featured_image_src":{"full":false,"thumbnail":false,"medium":false,"medium_large":false,"large":false,"1536x1536":false,"2048x2048":false,"zerif-post-thumbnail":false,"zerif-post-thumbnail-large":false,"zerif-post-thumbnail-large-table":false,"zerif-post-thumbnail-large-mobile":false,"zerif_project_photo":false,"zerif_our_team_photo":false},"uagb_author_info":{"display_name":"sszilagyi","author_link":"https:\/\/irh.inf.unideb.hu\/~szilagyi\/index.php\/author\/sszilagyi\/"},"uagb_comment_info":0,"uagb_excerpt":"\u00c1ltal\u00e1nos t\u00e1j\u00e9koztat\u00f3 A t\u00e1rgy bevezet\u00e9st ad a Cisco h\u00e1l\u00f3zati eszk\u00f6z\u00f6k programoz\u00e1s\u00e1ba. A hallgat\u00f3k a Sz\u00e1m\u00edt\u00f3g\u00e9p architekt\u00far\u00e1k, ill. Sz\u00e1m\u00edt\u00f3g\u00e9pes h\u00e1l\u00f3zatok c. tant\u00e1rgy elv\u00e9gz\u00e9se ut\u00e1n konkr\u00e9t h\u00e1l\u00f3zati eszk\u00f6z\u00f6kre (router-ekre, illetve switch-ekre) vonatkoz\u00f3 elm\u00e9leti \u00e9s gyakorlati tud\u00e1st szerezhetnek. A t\u00e1rgy a CCNA 7.02 Cisco Akad\u00e9miai tananyagot dolgozza fel, hetenk\u00e9nt k\u00e9t-h\u00e1rom fejezetes l\u00e9pt\u00e9kben haladva. A kurzus sikeres teljes\u00edt\u00e9se eset\u00e9n&hellip;","_links":{"self":[{"href":"https:\/\/irh.inf.unideb.hu\/~szilagyi\/index.php\/wp-json\/wp\/v2\/pages\/10706"}],"collection":[{"href":"https:\/\/irh.inf.unideb.hu\/~szilagyi\/index.php\/wp-json\/wp\/v2\/pages"}],"about":[{"href":"https:\/\/irh.inf.unideb.hu\/~szilagyi\/index.php\/wp-json\/wp\/v2\/types\/page"}],"author":[{"embeddable":true,"href":"https:\/\/irh.inf.unideb.hu\/~szilagyi\/index.php\/wp-json\/wp\/v2\/users\/1"}],"replies":[{"embeddable":true,"href":"https:\/\/irh.inf.unideb.hu\/~szilagyi\/index.php\/wp-json\/wp\/v2\/comments?post=10706"}],"version-history":[{"count":5,"href":"https:\/\/irh.inf.unideb.hu\/~szilagyi\/index.php\/wp-json\/wp\/v2\/pages\/10706\/revisions"}],"predecessor-version":[{"id":11051,"href":"https:\/\/irh.inf.unideb.hu\/~szilagyi\/index.php\/wp-json\/wp\/v2\/pages\/10706\/revisions\/11051"}],"wp:attachment":[{"href":"https:\/\/irh.inf.unideb.hu\/~szilagyi\/index.php\/wp-json\/wp\/v2\/media?parent=10706"}],"curies":[{"name":"wp","href":"https:\/\/api.w.org\/{rel}","templated":true}]}}