{"id":35,"date":"2020-11-29T14:07:08","date_gmt":"2020-11-29T14:07:08","guid":{"rendered":"http:\/\/193.6.135.162\/~tberczes\/?page_id=35"},"modified":"2020-12-01T17:17:16","modified_gmt":"2020-12-01T17:17:16","slug":"education","status":"publish","type":"page","link":"https:\/\/irh.inf.unideb.hu\/~tberczes\/index.php\/en\/education\/","title":{"rendered":"Education"},"content":{"rendered":"\n<p><strong>Oktatott t\u00e1rgyak<\/strong><\/p>\n\n\n\n<ul><li><a href=\"https:\/\/irh.inf.unideb.hu\/~tberczes\/index.php\/en\/introduction-to-labview\/\">Introduction to LabView<\/a><\/li><li><a href=\"https:\/\/irh.inf.unideb.hu\/~tberczes\/index.php\/bevezetes-a-microsoft-net-3-5-framework-es-windows-communication-foundation-be\/\">Bevezet\u00e9s a Microsoft .NET 3.5 framework \u00e9s Windows Communication Foundation-be<\/a><\/li><li><a href=\"https:\/\/irh.inf.unideb.hu\/~tberczes\/index.php\/en\/telecommunication-systems\/\">Telecommunication Systems<\/a><\/li><\/ul>\n\n\n\n<p><strong>Vizsga eredm\u00e9nyek:<\/strong><\/p>\n\n\n\n<ul><li><a href=\"http:\/\/erlang2.inf.unideb.hu\/~tberczes\/MI_BSc_2015.xlsx\">MI BSc: Informatikai rendszerek modellez\u00e9se \u00e9s anal\u00edzise<\/a><\/li><li><a href=\"http:\/\/erlang2.inf.unideb.hu\/~tberczes\/GI_BSc_2015.xlsx\">GI BSc: Informatikai rendszerek modellez\u00e9se \u00e9s anal\u00edzise<\/a><\/li><\/ul>\n\n\n\n<p><strong>Fogad\u00f3\u00f3ra<\/strong><\/p>\n\n\n\n<ul><li>H\u00e9tf\u00f5: 10:00-11:00<\/li><li>Kedd: 13:00-14:00<\/li><\/ul>\n","protected":false},"excerpt":{"rendered":"<p>Oktatott t\u00e1rgyak Introduction to LabView Bevezet\u00e9s a Microsoft .NET 3.5 framework \u00e9s Windows Communication Foundation-be Telecommunication Systems Vizsga eredm\u00e9nyek: MI BSc: Informatikai rendszerek modellez\u00e9se \u00e9s anal\u00edzise GI BSc: Informatikai rendszerek modellez\u00e9se \u00e9s anal\u00edzise Fogad\u00f3\u00f3ra H\u00e9tf\u00f5: 10:00-11:00 Kedd: 13:00-14:00<\/p>\n","protected":false},"author":1,"featured_media":0,"parent":0,"menu_order":0,"comment_status":"closed","ping_status":"closed","template":"onecolumn-page.php","meta":[],"_links":{"self":[{"href":"https:\/\/irh.inf.unideb.hu\/~tberczes\/index.php\/wp-json\/wp\/v2\/pages\/35"}],"collection":[{"href":"https:\/\/irh.inf.unideb.hu\/~tberczes\/index.php\/wp-json\/wp\/v2\/pages"}],"about":[{"href":"https:\/\/irh.inf.unideb.hu\/~tberczes\/index.php\/wp-json\/wp\/v2\/types\/page"}],"author":[{"embeddable":true,"href":"https:\/\/irh.inf.unideb.hu\/~tberczes\/index.php\/wp-json\/wp\/v2\/users\/1"}],"replies":[{"embeddable":true,"href":"https:\/\/irh.inf.unideb.hu\/~tberczes\/index.php\/wp-json\/wp\/v2\/comments?post=35"}],"version-history":[{"count":3,"href":"https:\/\/irh.inf.unideb.hu\/~tberczes\/index.php\/wp-json\/wp\/v2\/pages\/35\/revisions"}],"predecessor-version":[{"id":89,"href":"https:\/\/irh.inf.unideb.hu\/~tberczes\/index.php\/wp-json\/wp\/v2\/pages\/35\/revisions\/89"}],"wp:attachment":[{"href":"https:\/\/irh.inf.unideb.hu\/~tberczes\/index.php\/wp-json\/wp\/v2\/media?parent=35"}],"curies":[{"name":"wp","href":"https:\/\/api.w.org\/{rel}","templated":true}]}}